{"id":603,"date":"2023-10-12T05:16:39","date_gmt":"2023-10-12T05:16:39","guid":{"rendered":"https:\/\/klk-brandenburg.de\/?page_id=603"},"modified":"2023-10-13T05:18:32","modified_gmt":"2023-10-13T05:18:32","slug":"603-2","status":"publish","type":"page","link":"https:\/\/klk-brandenburg.de\/?page_id=603","title":{"rendered":""},"content":{"rendered":"<h1><strong>Blog<\/strong><\/h1>\n<p>&nbsp;<\/p>\n<p>Liebe Interessierte,<\/p>\n<p>&nbsp;<\/p>\n<p>wir wollen Ihnen und Euch hier eine M\u00f6glichkeit zur Diskussion er\u00f6ffnen. Dazu werden wir in loser Folge Artikel unserer Mitglieder des Sprecherrates zu allseits interessierenden Themen ver\u00f6ffentlichen und die M\u00f6glichkeit zur Diskussion \u00fcber eine moderierte Kommentarfunktion erm\u00f6glichen.<\/p>\n<p>Folgende Medien werden wir nutzen (die Liste wird nach Freigabe der von uns favorisierten Redaktionen weiter erg\u00e4nzt):<\/p>\n<p><a href=\"https:\/\/www.nachdenkseiten.de\/\">NachDenkSeiten \u2013 Die kritische Website\u00a0<\/a><\/p>\n<p>Das Mitglied der Koordinierungsgruppe des KLK Brandenburg Dominik Mikhalkevich gabe den Nachdenkseiten ein Interview zu seiner Teilnahme am &#8222;Young-Leader-Seminar&#8220; in Baku (Aserbaidshan):<\/p>\n<p><a href=\"https:\/\/www.nachdenkseiten.de\/?p=104141\">Wichtiges Zeichen f\u00fcr den notwendigen Dialog (nachdenkseiten.de)<\/a><\/p>\n<p>&nbsp;<\/p>\n<p>Einen Artikel unseres KLK-Mitglieds Dr. Alexander Neu halten wir f\u00fcr diskussionsw\u00fcrdig:<\/p>\n<p><a href=\"https:\/\/www.nachdenkseiten.de\/?p=104995\">Das Pulverfass Balkan und die historischen Hintergr\u00fcnde (nachdenkseiten.de)<\/a><\/p>\n<p>&nbsp;<\/p>\n","protected":false},"excerpt":{"rendered":"<p>Blog &nbsp; Liebe Interessierte, &nbsp; wir wollen Ihnen und Euch hier eine M\u00f6glichkeit zur Diskussion er\u00f6ffnen. Dazu werden wir in loser Folge Artikel unserer Mitglieder des Sprecherrates zu allseits interessierenden Themen ver\u00f6ffentlichen und die M\u00f6glichkeit zur Diskussion \u00fcber eine moderierte Kommentarfunktion erm\u00f6glichen. Folgende Medien werden wir nutzen (die Liste wird nach Freigabe der von uns [&hellip;]<\/p>\n","protected":false},"author":1,"featured_media":0,"parent":0,"menu_order":0,"comment_status":"open","ping_status":"closed","template":"","meta":{"footnotes":""},"_links":{"self":[{"href":"https:\/\/klk-brandenburg.de\/index.php?rest_route=\/wp\/v2\/pages\/603"}],"collection":[{"href":"https:\/\/klk-brandenburg.de\/index.php?rest_route=\/wp\/v2\/pages"}],"about":[{"href":"https:\/\/klk-brandenburg.de\/index.php?rest_route=\/wp\/v2\/types\/page"}],"author":[{"embeddable":true,"href":"https:\/\/klk-brandenburg.de\/index.php?rest_route=\/wp\/v2\/users\/1"}],"replies":[{"embeddable":true,"href":"https:\/\/klk-brandenburg.de\/index.php?rest_route=%2Fwp%2Fv2%2Fcomments&post=603"}],"version-history":[{"count":5,"href":"https:\/\/klk-brandenburg.de\/index.php?rest_route=\/wp\/v2\/pages\/603\/revisions"}],"predecessor-version":[{"id":609,"href":"https:\/\/klk-brandenburg.de\/index.php?rest_route=\/wp\/v2\/pages\/603\/revisions\/609"}],"wp:attachment":[{"href":"https:\/\/klk-brandenburg.de\/index.php?rest_route=%2Fwp%2Fv2%2Fmedia&parent=603"}],"curies":[{"name":"wp","href":"https:\/\/api.w.org\/{rel}","templated":true}]}}