{"id":339,"date":"2023-02-28T07:30:02","date_gmt":"2023-02-28T07:30:02","guid":{"rendered":"https:\/\/klk-brandenburg.de\/?page_id=339"},"modified":"2023-03-07T13:20:06","modified_gmt":"2023-03-07T13:20:06","slug":"originaltexte-karl-liebknecht","status":"publish","type":"page","link":"https:\/\/klk-brandenburg.de\/?page_id=339","title":{"rendered":"Originaltexte Karl Liebknecht"},"content":{"rendered":"\r\n<p>Liebe Interessentinnen und Interessenten, an dieser Stelle werden wir in loser Folge Texte von Karl Liebknecht zur Lekt\u00fcre bereit stellen. Das sind vor allem Texte, die sich auch auf die heutige Lage projizieren lassen:<\/p>\r\n\r\n\r\n\r\n<p><a href=\"https:\/\/klk-brandenburg.de\/wp-content\/uploads\/2023\/02\/140a-sozialdemokratische-Taktik-im-Kriege.pdf\">Prinzip f\u00fcr die sozialdemokratische Taktik im Kriege<\/a>, ver\u00f6ffentlicht vom Institut f\u00fcr Marxismus-Leninismus beim ZK der SED &#8222;Karl Liebknecht Gesammelte Reden und Schriften Band VIII&#8220; 1972<\/p>\r\n\r\n\r\n\r\n<p><a href=\"https:\/\/klk-brandenburg.de\/wp-content\/uploads\/2023\/03\/Meinungsverschiedenheiten-und-Klassengegensaetze.pdf\">Meinungsverschiedenheiten und Klassengegens\u00e4tze <\/a> ver\u00f6ffentlicht vom Institut f\u00fcr Marxismus-Leninismus beim ZK der SED &#8222;Karl Liebknecht Gesammelte Reden und Schriften Band IX&#8220; 1971<\/p>\r\n\r\n\r\n\r\n<p><a href=\"https:\/\/klk-brandenburg.de\/wp-content\/uploads\/2023\/03\/Der-Hauptfeind.pdf\">Der Hauptfeind steht im eigenen Land\u00a0<\/a> ver\u00f6ffentlicht vom Institut f\u00fcr Marxismus-Leninismus beim ZK der SED &#8222;Karl Liebknecht Gesammelte Reden und Schriften Band VIII&#8220; 1972<\/p>\r\n<p>\r\n\r\n<\/p>\r\n<p>&nbsp;<\/p>\r\n","protected":false},"excerpt":{"rendered":"<p>Liebe Interessentinnen und Interessenten, an dieser Stelle werden wir in loser Folge Texte von Karl Liebknecht zur Lekt\u00fcre bereit stellen. Das sind vor allem Texte, die sich auch auf die heutige Lage projizieren lassen: Prinzip f\u00fcr die sozialdemokratische Taktik im Kriege, ver\u00f6ffentlicht vom Institut f\u00fcr Marxismus-Leninismus beim ZK der SED &#8222;Karl Liebknecht Gesammelte Reden und [&hellip;]<\/p>\n","protected":false},"author":1,"featured_media":0,"parent":0,"menu_order":0,"comment_status":"closed","ping_status":"closed","template":"","meta":{"footnotes":""},"_links":{"self":[{"href":"https:\/\/klk-brandenburg.de\/index.php?rest_route=\/wp\/v2\/pages\/339"}],"collection":[{"href":"https:\/\/klk-brandenburg.de\/index.php?rest_route=\/wp\/v2\/pages"}],"about":[{"href":"https:\/\/klk-brandenburg.de\/index.php?rest_route=\/wp\/v2\/types\/page"}],"author":[{"embeddable":true,"href":"https:\/\/klk-brandenburg.de\/index.php?rest_route=\/wp\/v2\/users\/1"}],"replies":[{"embeddable":true,"href":"https:\/\/klk-brandenburg.de\/index.php?rest_route=%2Fwp%2Fv2%2Fcomments&post=339"}],"version-history":[{"count":5,"href":"https:\/\/klk-brandenburg.de\/index.php?rest_route=\/wp\/v2\/pages\/339\/revisions"}],"predecessor-version":[{"id":370,"href":"https:\/\/klk-brandenburg.de\/index.php?rest_route=\/wp\/v2\/pages\/339\/revisions\/370"}],"wp:attachment":[{"href":"https:\/\/klk-brandenburg.de\/index.php?rest_route=%2Fwp%2Fv2%2Fmedia&parent=339"}],"curies":[{"name":"wp","href":"https:\/\/api.w.org\/{rel}","templated":true}]}}